6. What is the thousands digit of l?
1
Let f = 10529 - 5771. What is the hundreds digit of f?
7
Let m(k) = 132*k**2 + 76*k - 538. What is the hundreds digit of m(7)?
4
What is the tens digit of 966 - ((-1)/3*3 - -6)?
6
Suppose 0*i = i. Suppose i = -5*n + 6*n - 252. What is the hundreds digit of n?
2
Let o be 1 + -4 + 19 + -14 - -12. Let c be (16/o)/4 - (-2)/(-7). Suppose 705 = -c*h + 5*h. What is the tens digit of h?
4
Suppose -4*w - 132721 = -5*b, -2*b + 3*w + 71436 = 18349. What is the units digit of b?
5
Let j be -2 + -6 + (132 - 1). Let i = j - -4. What is the units digit of i?
7
Let p(v) = 442*v - 1682. What is the hundreds digit of p(10)?
7
Suppose -5*d + 2*s = -41, -16 = d - 5*d - 4*s. Suppose 2*b - 4*r - 182 = 0, 0 = -5*b + d*r - 9*r + 467. What is the tens digit of b?
9
What is the hundreds digit of ((-1980)/(-88) - 24)*(-1)/((-6)/(-37232))?
3
Suppose -6*l + 8*l - 2*z = 828, 3*l = z + 1248. Suppose -3*v + 243 = b - 56, 0 = -4*v - 5*b + l. What is the units digit of v?
8
Let z = -476 - -551. What is the tens digit of 10/z*475 + 1/(-3)?
6
Suppose -y = 5*a - 775 - 695, 10*a - 2*y - 2920 = 0. What is the hundreds digit of a?
2
Suppose -5*o + 35522 = 2*u, 0 = 5*o - 1036*u + 1040*u - 35514. What is the units digit of o?
6
Suppose -59 - 101 = -m. Suppose -l + 2*l - 5*p - m = 0, -5*p - 565 = -4*l. Suppose s = -0*s + l. What is the tens digit of s?
3
Suppose -8000 - 2736 = -11*u. Let v = 1503 - u. What is the tens digit of v?
2
Let n(v) = 6*v + 3. Let k(z) = -z**3 - z**2 + 5*z + 4. Let w(r) = -5*k(r) + 4*n(r). What is the hundreds digit of w(4)?
3
Let g(u) = u**2 - 9*u + 17. Let f be g(8). Let j(x) = 7 - f - 9*x - 1 - 6. What is the tens digit of j(-17)?
4
Let t = -27877 - -45422. What is the tens digit of t?
4
Suppose -3*w = -4*k - 239888, -3*k = -7*w + 2*w + 399784. What is the thousands digit of w?
9
Suppose 0 = 6*u - 24 - 0. Suppose 1 = -b - 3*i, -i + 3 = -u*b + 12. Suppose -j = -2*p + 94, -82 = -b*p + 3*j - 8*j. What is the units digit of p?
6
Let z(c) = 27*c**3 - 5*c**2 - 37*c + 80. Let a be z(2). Let k be ((-2)/4)/((-1)/6). Suppose p - 5*u = -p + a, -3*p = -k*u - 285. What is the tens digit of p?
9
Suppose 41 = -2*p + 319. Let z be (1*-1)/(-4*5/60). Suppose z*r - 71 = p. What is the tens digit of r?
7
Let o = -266 - -523. Let h = o + -1. What is the tens digit of h?
5
Let m(d) = -16*d**3 - 17*d**2 - 41*d - 266. What is the hundreds digit of m(-8)?
1
Suppose 2257*n = 2252*n - 5*o + 163970, 3*n + 5*o - 98382 = 0. What is the units digit of n?
4
Let j = 8447 + -2477. What is the units digit of j?
0
What is the tens digit of 280/30*(-50616)/(-48)?
4
Suppose 0 = i + 403 + 319. Let b = i + 1725. What is the tens digit of b?
0
Let t(f) = -27*f - 18. Let h = 210 + -239. What is the tens digit of t(h)?
6
Suppose 295*d - 2723989 = 1886861. What is the ten thousands digit of d?
1
Suppose 0 = -4*o + 158 + 654. Let x be (-74)/(-1221)*-11 - 536/6. Let v = o + x. What is the tens digit of v?
1
Let m(o) = 340*o - 2466. What is the thousands digit of m(14)?
2
Let c(s) = 2*s**2 - 21*s + 69. Let y be c(18). Suppose -9*d + y = -777. What is the hundreds digit of d?
1
Let k = -1167 - -8690. What is the thousands digit of k?
7
Suppose -29*d + 127545 = -d - 99759. What is the units digit of d?
8
What is the hundreds digit of (105874/14)/(32/(-8064)*-36)?
9
Let p(z) = 5538*z**2 - 24*z - 16. What is the thousands digit of p(-3)?
9
Let y = -22585 - -74183. What is the tens digit of y?
9
Let z(l) = 102*l**2 - 30*l + 183. Let n be z(6). Suppose -9515 - n = -10*t. What is the thousands digit of t?
1
What is the units digit of 53556/(-144)*-39 + -2 + 18/8?
5
What is the units digit of (0 + (-2)/(-5))/(6 - 107008/17840)?
3
Suppose -11334 = -3*m - 4*g - 3597, 0 = -m + 3*g + 2579. What is the units digit of m?
9
Let c = 20649 + -9907. Suppose 30*a = c + 3688. What is the tens digit of a?
8
Let i = 3802 + 6691. What is the hundreds digit of i?
4
Suppose 0 = 5*c - 5*s + 22 + 3, -5*s = -3*c - 25. Suppose c*o = 15*o - 3210. Suppose -9*m = -7*m - o. What is the hundreds digit of m?
1
Let r(b) = 2*b**2 - b - 4. Let l be r(2). Suppose l*a + 24 = -2*a. What is the units digit of (-2)/(-4)*(-56)/a*33?
4
Let q(d) = -d**3 + 15*d**2 - 51*d + 2. Let h be q(5). What is the tens digit of (-1465)/2*h*10/15?
6
Let m = 76672 - 53458. What is the units digit of m?
4
Let z = 201 - 173. Let q(c) = c**2 - 31*c + 113. What is the tens digit of q(z)?
2
Let y(j) = 2*j**2 - 7*j - 30. Let p(d) = d**2 - 3*d - 15. Let w(v) = 9*p(v) - 4*y(v). Suppose -32*q = -16*q + 160. What is the tens digit of w(q)?
7
Suppose 93163 = 6*y - 170357. What is the thousands digit of y?
3
Let j(x) = -x**3 + 2*x**2 + 13*x - 3. Let r be j(5). What is the tens digit of r/(13/(-518))*1?
1
Let c(j) = -5093*j - 16438. What is the ten thousands digit of c(-17)?
7
Suppose -48*p + 143177 = -208135. What is the thousands digit of p?
7
Suppose 3*a - 2*q = -2684, 0 = 4*a - 5*q + 147 + 3427. Let x = 1426 + a. What is the tens digit of x?
3
Let t be 49/(-21)*-3 - -711. What is the tens digit of (5 + t - 3) + -1*2?
1
Let n(b) = -b**2 - 3*b - 3. Let j be n(-1). What is the hundreds digit of (j + 522)*(0 + -4 - -5)?
5
Let v = -354 - -352. What is the hundreds digit of (-6 + 10)/(v - (-1464)/731)?
4
Suppose 10*f + 71*v - 74202 = 74*v, -3*v - 12 = 0. What is the units digit of f?
9
Let x(o) = -18*o**2 + 2*o + 1. Let s(h) be the second derivative of 19*h**4/12 - h**3/3 - 21*h. Let a(m) = -5*s(m) - 6*x(m). What is the tens digit of a(-2)?
5
Let j(s) = 23 + 22 - 11 + 2 + 30*s. What is the hundreds digit of j(8)?
2
Suppose -444*p + 110705 = 3*l - 440*p, -3*l - 3*p = -110712. What is the ten thousands digit of l?
3
Suppose -59*b + 134*b - 135730 = 70*b. What is the hundreds digit of b?
1
Let d = 266 - 123. Let c = 184 - d. What is the tens digit of c?
4
Suppose 0 = 5*x + 407536 - 1574801. What is the tens digit of x/285 - (-4)/(-30)?
1
Let q(u) = -u**2 + 18*u - 17. Let f be q(17). Suppose f = 17*d - 2033 - 2251. What is the units digit of d?
2
Suppose -5*k - 8*m = -86605, 3409 = -k - m + 20730. What is the hundreds digit of k?
3
Let l(k) = 380*k**2 - 51*k + 154. What is the tens digit of l(3)?
2
Suppose -98061 = -23*g - 27980. What is the units digit of g?
7
Let r = 14 + -9. Suppose -8*x + 24 = -r*x. Suppose -x*j + 236 + 300 = 0. What is the tens digit of j?
6
Let g = -56 + 59. Suppose -3*h + 99 = 3*d, 0 = d + h + g*h - 45. Let c = 124 - d. What is the units digit of c?
5
Let k be ((-203)/58)/(((-6)/20)/(-3)). Let f = -31 - k. Suppose 2*c - 106 = -2*m, m - 2*m - f*c = -38. What is the tens digit of m?
5
Let o = -30802 + 46652. What is the thousands digit of o?
5
Let g = -11 - -67. Let p = 56 - g. Suppose p = -7*d + 782 - 243. What is the tens digit of d?
7
Suppose -5*t + 15 = 0, -4*t - 4 + 8 = -2*i. Suppose i*n = -3*f + 1491 - 386, 5*n + 362 = f. What is the hundreds digit of f?
3
Let c be -6*-10*(-16)/120. What is the units digit of c + (21 - 7) + 1137?
3
Let a be 6/33 + (-33173)/(-77). Suppose -a = -7*u + 416. What is the tens digit of u?
2
Let h = 657 + 5482. What is the thousands digit of h?
6
Let j = 180 + -115. Suppose -2*s - 109 + 393 = 0. Let f = j + s. What is the tens digit of f?
0
Suppose 2*n - 14515 - 11535 = -2*g, g - 2*n - 13025 = 0. What is the units digit of g?
5
Suppose -1151251 = -119*b + 7007389. What is the thousands digit of b?
8
Let a(i) = -3*i + 30. Let n be a(10). Suppose -6*q + 6804 = -n*q. Suppose q = 4*u + 178. What is the units digit of u?
9
Let b(i) = -i**3 - 32*i**2 - 124*i + 154. What is the tens digit of b(-28)?
9
Suppose -2*l - 4*c + 34754 = 0, 5*l = 2*c - 3*c + 86849. What is the units digit of l?
9
Suppose 333952 = -100*p + 1856517 + 111535. What is the hundreds digit of p?
3
Suppose -4*v = -b - 5492, -v - 6*b + 1151 = -247. What is the hundreds digit of v?
3
Suppose 141412 = 4*b + 5*h, 0 = 3*b + 80*h - 78*h - 106045. What is the hundreds digit of b?
3
Suppose 0 = -2*o - 5*a + 43313, 0*a - 21618 = -o + 3*a. What is the ten thousands digit of o?
2
Let b(i) = 3*i + 25. Let m be b(-7). Suppose 0 = -m*a - 5*l + 2746, 651 = a + 2*l - 34. What is the units digit of a?
9
Let z be 4/24 - (-885)/(-18). Let b = z + 9. Let g = 42 + b. What is the units digit of g?
2
Let m(l) = l + 7. Let d be m(-5). Suppose 340 =